 + 12*q - 51. Determine a(3).
-6
Let y(x) = -2*x - 11. What is y(-7)?
3
Let d(p) = p**3 - 9*p**2 + 12*p - 6. What is d(8)?
26
Let g(m) = m**3 + 20*m**2 + 15*m - 67. Give g(-19).
9
Let o(q) = -q**3 + q + 2. What is o(2)?
-4
Let s(y) = -3*y - 9. Calculate s(-10).
21
Let p(u) = u**2 + 20*u - 17. What is p(-20)?
-17
Let h(k) = -2*k**2 - 56*k - 105. Calculate h(-26).
-1
Let w(m) = -5*m + 11. What is w(11)?
-44
Let j(o) = -5*o + 21. Calculate j(4).
1
Let v(l) = -l**3 - 6*l**2 - 2. Calculate v(-6).
-2
Let u(g) = 35*g + 393. Determine u(-11).
8
Let d(p) = -p + 5. Calculate d(-2).
7
Let v(j) = j**3 + 6*j**2 + 2*j - 7. Determine v(-5).
8
Let m(r) = r**2 + 6*r - 1. What is m(-9)?
26
Let i(t) = -5*t**2 - 18*t + 4. Calculate i(-5).
-31
Let z(j) = -12*j**3 - j**2 + j - 1. Determine z(1).
-13
Let n(l) = 2*l**2 - 19. Give n(-2).
-11
Let v(m) = 2*m**2 + 3*m + 1. Determine v(-2).
3
Let o(z) = -2*z**2 - 24*z - 74. Determine o(-6).
-2
Let k(z) = -z**2 + 34*z - 10. Calculate k(0).
-10
Let i(a) = 13*a + 112. Calculate i(-8).
8
Let y(q) = -q + 8. What is y(-7)?
15
Let b(f) = 28*f - 22. Give b(2).
34
Let h(x) = -x**2 + 60*x - 542. What is h(49)?
-3
Let c(g) = 3*g**3 - g**2 - g + 2. Give c(1).
3
Let l(h) = 4*h**2 - 2. Determine l(-1).
2
Let g(o) = o**2 + 7*o + 4. Give g(-10).
34
Let w(d) = -3*d - 90. Give w(-27).
-9
Let h(r) = -5*r**2 - 10*r - 13. Determine h(-1).
-8
Let t(x) = 6*x**3 + 12*x**2 - x + 2. Determine t(-2).
4
Let f(x) = x**3 + 8*x**2 + 5*x - 10. Give f(-7).
4
Let d(x) = -x**3 + 4*x**2 + x - 3. What is d(4)?
1
Let s(d) = d**2 + 28*d + 9. Determine s(-28).
9
Let v(b) = -8*b + 182. Give v(21).
14
Let p(m) = -21*m - 6. Determine p(4).
-90
Let r(a) = -25*a**3 + 3*a**2 + a - 3. Give r(1).
-24
Let l(b) = -6*b - 18. Calculate l(-15).
72
Let s(n) = -n**3 - 10*n**2 - 20*n - 2. What is s(-8)?
30
Let w(l) = 3*l**3 - 35*l**2 - 10*l + 8. Calculate w(12).
32
Let g(t) = 2*t**3 + 2*t + 1. Calculate g(-1).
-3
Let q(x) = -x**3 - 21*x**2 - 19*x + 21. Determine q(-20).
1
Let n(l) = l**2 + 4*l - 4. What is n(-5)?
1
Let d(x) = -x**2 - 37*x + 646. Calculate d(-50).
-4
Let h(x) = -2*x**2 + 3*x - 7. Give h(3).
-16
Let k(l) = l**2 - 23*l + 25. Give k(22).
3
Let b(n) = 2*n**2 + 7*n + 34. Calculate b(-4).
38
Let k(b) = b**2 + 42*b + 115. Determine k(-3).
-2
Let v(h) = 3*h**2 + 27*h - 26. Give v(-10).
4
Let w(m) = -m**3 - 66*m**2 + m + 76. Determine w(-66).
10
Let f(y) = 4*y - 38. What is f(15)?
22
Let k(q) = -4*q - 3. Determine k(6).
-27
Let w(v) = -2*v + 1. Calculate w(-2).
5
Let q(c) = 109*c - 646. What is q(6)?
8
Let d(p) = -2*p**2 + 22*p + 178. What is d(16)?
18
Let o(d) = -d**3 + 9*d**2 - 9*d + 16. Determine o(7).
51
Let x(d) = -3*d + 109. Give x(16).
61
Let s(c) = 3*c. Give s(2).
6
Let x(l) = -23*l**2 - 2*l - 1. What is x(-1)?
-22
Let y(o) = -o**3 - 14*o**2 + 17*o + 24. Determine y(-15).
-6
Let w(r) = 5*r + 17. What is w(-14)?
-53
Let n(b) = b**2 + 7*b + 6. Give n(-5).
-4
Let k(b) = b**3 + 28*b**2 + 30*b + 81. What is k(-27)?
0
Let a(d) = -d**2 + 11*d - 5. Determine a(6).
25
Let q(d) = d**2 - 12*d + 9. Determine q(8).
-23
Let u(l) = 45*l + 10. What is u(0)?
10
Let n(k) = -k**2 - 14*k - 49. Calculate n(-9).
-4
Let d(x) = -x**2 + x + 8. What is d(4)?
-4
Let t(k) = -28*k - 8. What is t(-5)?
132
Let b(h) = 2*h**3 + 16*h**2 + 6*h - 6. Calculate b(-7).
50
Let a(y) = -5*y + 2. Determine a(-4).
22
Let l(s) = 3*s**3 + s**2 - 5*s - 8. Determine l(-2).
-18
Let l(v) = v - 16. Give l(18).
2
Let r(c) = c**2 + 5*c - 231. Calculate r(13).
3
Let g(q) = -q - 2. What is g(-7)?
5
Let p(o) = -2*o - 5. Give p(-10).
15
Let z(p) = 2*p**2 + 4*p - 1. Give z(3).
29
Let k(h) = -h**3 + 4*h**2 - 2*h + 1. What is k(3)?
4
Let v(b) = b + 9. Calculate v(7).
16
Let w(d) = 2*d**2 + 6*d - 8. Calculate w(3).
28
Let y(n) = 32*n + 620. Calculate y(-19).
12
Let l(k) = k**3 + 4*k**2 + 3*k + 34. Give l(-5).
-6
Let j(r) = 22*r - 3. Calculate j(2).
41
Let q(g) = g - 15. What is q(-2)?
-17
Let z(k) = -7*k**2 + k - 1. What is z(-3)?
-67
Let y(k) = 30*k + 33. What is y(-9)?
-237
Let i(g) = -8*g. Determine i(-2).
16
Let i(v) = -v**3 + 29*v**2 + 39. Determine i(29).
39
Let z(s) = -s**3 - 9*s**2 - 2*s - 77. What is z(-10)?
43
Let b(k) = -k**2 - 18*k - 34. Give b(-17).
-17
Let x(h) = -h. Calculate x(5).
-5
Let n(x) = 5*x - 74. What is n(11)?
-19
Let f(d) = 18*d - 106. Determine f(6).
2
Let i(m) = -m**2 - 9*m - 1. Determine i(-7).
13
Let d(h) = -7*h**2 - 51*h - 11. Determine d(-7).
3
Let y(n) = -n**3 + 7*n**2 - 7*n - 4. Calculate y(6).
-10
Let g(x) = x**2 - 18*x - 10. What is g(19)?
9
Let m(c) = 7*c - 25. Determine m(9).
38
Let i(j) = -225*j + 1797. Calculate i(8).
-3
Let o(y) = 27*y**2 + 5*y + 1. Give o(-1).
23
Let i(a) = -3*a + 61. What is i(20)?
1
Let c(b) = 8*b - 121. Calculate c(16).
7
Let j(x) = -2*x**2 - 6*x - 1. What is j(-1)?
3
Let k(t) = t**3 + 6*t**2 + 7*t + 11. Give k(-5).
1
Let p(m) = -25*m - 879. Calculate p(-35).
-4
Let n(s) = 3*s - 6. Determine n(-5).
-21
Let w(f) = 7*f + 32. What is w(-5)?
-3
Let n(s) = 3*s + 9. Calculate n(-13).
-30
Let w(a) = 5*a + 5. What is w(-11)?
-50
Let j(s) = 2*s**3 + 13*s**2 - 9*s - 13. Calculate j(-7).
1
Let d(i) = -i**2 + 4*i + 9. Give d(-3).
-12
Let t(j) = j**3 - 6*j**2 + 9*j - 8. Determine t(5).
12
Let f(j) = -2*j**2 - 8*j - 2. Calculate f(-3).
4
Let z(g) = g**3 + 6*g**2 - 7*g - 38. Calculate z(-6).
4
Let b(y) = -y**3 - 20*y**2 + 20*y - 24. Give b(-21).
-3
Let l(n) = -n**2 + 14*n - 5. What is l(10)?
35
Let g(v) = -2*v**2 - 8*v - 4. Calculate g(-6).
-28
Let c(v) = -v**2 + 20*v - 31. Determine c(16).
33
Let y(p) = 43*p + 42. Determine y(-1).
-1
Let x(b) = -64*b - 60. Calculate x(-1).
4
Let n(d) = d**3 - 8*d**2 + 8*d + 34. What is n(6)?
10
Let n(s) = s**2 - 18*s - 37. What is n(15)?
-82
Let s(u) = -5*u**3 - 2*u**2 - 2*u - 1. Calculate s(-1).
4
Let t(o) = 5*o + 4. Give t(13).
69
Let c(d) = -4*d + 16. Determine c(6).
-8
Let k(y) = -y**3 + 20*y**2 - 37*y + 23. Calculate k(18).
5
Let n(s) = -4*s + 35. What is n(14)?
-21
Let i(z) = -6*z**3 + 162*z**2 - 3*z + 52. What is i(27)?
-29
Let g(b) = -3*b**2 - 65*b + 31. What is g(-22)?
9
Let d(z) = -5*z + 11. Calculate d(3).
-4
Let v(q) = q**2 - 19*q + 31. Calculate v(17).
-3
Let n(a) = -a**2 - 2*a + 7. Give n(-5).
-8
Let f(t) = 61*t - 167. Determine f(3).
16
Let k(f) = f**2 + 17*f + 47. Calculate k(-10).
-23
Let j(t) = t**3 + 8*t**2 - 9*t + 9. Give j(-9).
9
Let q(x) = 7*x - 3. Calculate q(8).
53
Let r(g) = -3*g + 4. What is r(4)?
-8
Let k(u) = u**3 + 2*u**2 + 2*u + 182. Give k(0).
182
Let a(h) = -h - 10. Determine a(0).
-10
Let z(a) = 2*a**3 - a**2 + 2*a - 15. Determine z(0).
-15
Let q(s) = -s**2 + 84*s - 737. Calculate q(74).
3
Let r(c) = -5*c. Give r(-6).
30
Let m(t) = t**2 - 14*t + 5. Calculate m(14).
5
Let k(a) = -2*a - 75. What is k(-39)?
3
Let y(l) = -l**3 - 10*l**2 - 16*l + 9. Determine y(-8).
9
Let g(p) = p**2 + 29*p + 32. Calculate g(-28).
4
Let a(s) = -s**2 - s. Determine a(4).
-20
Let d(s) = -2*s + 27. Calculate d(6).
15
Let y(c) = c**2 + 8*c - 1. Give y(-7).
-8
Let h(b) = -b**3 - 6*b**2 - 7*b + 2. Determine h(-4).
-2
Let w(z) = z**3 + 26*z**2 - 57*z - 32. Determine w(-28).
-4
Let q(o) = -3*o**2 - 12*o + 44. Calculate q(3).
-19
Let p(k) = -11*k + 150. What is p(14)?
-4
Let t(o) = o**2 - 4*o + 2. Calculate t(2).
-2
Let l(r) = r + 80. Calculate l(0).
80
Let k(t) = t**3 + 12*t**2 + 16*t - 32. Give k(-10).
8
Let d(v) = -v**2 - 10*v - 20. Give d(-6).
4
Let k(p) = -p**2 - 11*p + 7. Give k(-5).
37
Let x(c) = c + 31. Give x(-4).
27
Let i(f) = f**3 + 4*f**2 - 43*f - 89. Calculate i(-8).
-1
Let x(s) = 2*s - 8. Determine x(3).
-2
Let z(v) = 6*v + 1. Determine z(4).
25
Let g(o) = -16*o - 845. Determine g(-53).
3
Let u(a) = a**3 - 8*a**2 + 9*a - 2. Calculate u(4).
-30
Let r(f) = 3*f**3 + 29*f**2 - 9*f + 1. Give r(-10).
-9
Let g(b) = b**3 - 15*b**2 + 28*b - 24. Determine g(12).
-120
Let u(h) = -4*h**2 + 21*h - 27. Calculate u(4).
-7
Let u(g) = -29*g - 7. Calculate u(2).
-65
Let m(n) = -24*n**3 + 25*n**2 - n + 2. Determine m(1).
2
Let k(n) = 128*n + 1. Determine k(0).
1
Let r(z) = -z**3 + 3*z**2 - 2*z + 4. What is r(3)?
-2
Let s(x) = -2*x**2 - 13*x + 32. Determine s(3).
-25
Let f(u) = -u**2 - 7*u + 2. Give f(-9).
-16
Let k(p) = p**2 - 9*p + 11. What is k(8)?
3
Let h(m) = -3*m - 31. What is h(-11)?
2
Let q(i) = -i**3 + 7*i**2 - 9*i + 4. Determine q